rue
Is 22693 composite?
True
Is 190979 a prime number?
True
Is 27533 a composite number?
True
Is 106589 a prime number?
False
Is 28901 a composite number?
False
Is 479 composite?
False
Is 1205 a composite number?
True
Is 858295 prime?
False
Is 30223 composite?
False
Is 2479 composite?
True
Is 2113283 composite?
False
Is 398533 a prime number?
False
Is 214177 prime?
True
Is 371134 a composite number?
True
Is 290101 prime?
False
Is 2609 prime?
True
Is 156577 a prime number?
True
Is 316391 a composite number?
False
Is 912083 a composite number?
False
Is 470723 composite?
True
Is 57181 a prime number?
False
Is 637003 prime?
True
Is 3433 composite?
False
Is 17881 a composite number?
False
Is 109353 composite?
True
Is 259717 prime?
True
Is 80429 prime?
True
Is 85873 a prime number?
False
Is 19031 prime?
True
Is 3398665 prime?
False
Is 687243 a composite number?
True
Is 359771 composite?
True
Is 14374 a prime number?
False
Is 129739 prime?
False
Is 37351 prime?
False
Is 1371 composite?
True
Is 298 a composite number?
True
Is 12515 a composite number?
True
Is 16922 a composite number?
True
Is 50753 a prime number?
True
Is 165511 a prime number?
True
Is 384001 a composite number?
False
Is 153191 a prime number?
True
Is 34667 prime?
True
Is 20081 a composite number?
True
Is 1623073 a composite number?
True
Is 13042 a composite number?
True
Is 17033 a prime number?
True
Is 841963 a prime number?
False
Is 13745 composite?
True
Is 33827 a composite number?
False
Is 12287 composite?
True
Is 18973 composite?
False
Is 408533 a composite number?
False
Is 7162 a prime number?
False
Is 5183 composite?
True
Is 33817 a composite number?
True
Is 147207 prime?
False
Is 1164679 prime?
False
Is 2287357 composite?
True
Is 12889 a prime number?
True
Is 279478 composite?
True
Is 18643 composite?
True
Is 8031 a prime number?
False
Is 5779 prime?
True
Is 1426861 a prime number?
False
Is 90311 prime?
False
Is 99347 prime?
True
Is 11419 a composite number?
True
Is 14479 composite?
False
Is 228401 a composite number?
True
Is 170473 composite?
False
Is 5953 a composite number?
False
Is 271043 prime?
True
Is 555707 prime?
True
Is 6911 a composite number?
False
Is 744371 a composite number?
False
Is 62633 a composite number?
False
Is 20014 composite?
True
Is 80281 prime?
False
Is 758009 composite?
True
Is 891703 composite?
True
Is 96847 a composite number?
False
Is 3949 prime?
False
Is 39307 a composite number?
True
Is 510001 a composite number?
True
Is 17257 a prime number?
True
Is 235919 composite?
False
Is 145589 a composite number?
False
Is 22147 a prime number?
True
Is 278321 composite?
False
Is 125285 composite?
True
Is 276617 a composite number?
True
Is 2161 prime?
True
Is 19697 composite?
False
Is 701377 a composite number?
False
Is 34483 a prime number?
True
Is 1970071 composite?
False
Is 65003 a composite number?
False
Is 364469 composite?
True
Is 125383 a prime number?
True
Is 49253 composite?
False
Is 280751 a prime number?
True
Is 51199 prime?
True
Is 19562 a prime number?
False
Is 86813 a prime number?
True
Is 5779 composite?
False
Is 887 a composite number?
False
Is 444743 a composite number?
True
Is 555671 a composite number?
False
Is 19673 a composite number?
True
Is 2609 composite?
False
Is 43057 a composite number?
True
Is 218455 composite?
True
Is 19661 a composite number?
False
Is 162959 a composite number?
True
Is 1423 a prime number?
True
Is 147814 prime?
False
Is 45587 composite?
False
Is 455381 prime?
True
Is 3263 composite?
True
Is 38669 prime?
True
Is 1261 composite?
True
Is 123463 composite?
True
Is 353087 a composite number?
True
Is 178021 a prime number?
True
Is 651689 a prime number?
True
Is 619849 a composite number?
False
Is 147505 composite?
True
Is 461677 prime?
True
Is 722503 prime?
False
Is 5161 a composite number?
True
Is 13859 prime?
True
Is 93595 a composite number?
True
Is 587413 prime?
True
Is 797 a prime number?
True
Is 151717 composite?
False
Is 610529 prime?
False
Is 31481 a prime number?
True
Is 38993 composite?
False
Is 1561 composite?
True
Is 157037 a prime number?
True
Is 7283 composite?
False
Is 194903 prime?
False
Is 236281 a prime number?
False
Is 1538167 composite?
False
Is 2513 a prime number?
False
Is 3491 composite?
False
Is 18182 a prime number?
False
Is 25153 prime?
True
Is 449 composite?
False
Is 91007 prime?
False
Is 8497 a prime number?
False
Is 347879 composite?
True
Is 25405 prime?
False
Is 6197 a composite number?
False
Is 154723 composite?
False
Is 3935 prime?
False
Is 599801 prime?
False
Is 28493 a prime number?
True
Is 2813 a prime number?
False
Is 541 a prime number?
True
Is 942433 prime?
True
Is 39889 prime?
False
Is 34647 a prime number?
False
Is 28393 composite?
False
Is 733809 prime?
False
Is 139085 composite?
True
Is 61583 composite?
False
Is 816649 composite?
False
Is 103371 a prime number?
False
Is 86923 prime?
True
Is 36609 a composite number?
True
Is 3397 composite?
True
Is 174579 composite?
True
Is 279173 a composite number?
False
Is 21833 prime?
False
Is 1080413 a composite number?
False
Is 3693 a prime number?
False
Is 1865 composite?
True
Is 1735 a prime number?
False
Is 118153 prime?
False
Is 148501 a composite number?
False
Is 38149 a composite number?
False
Is 5077 prime?
True
Is 28511 a prime number?
False
Is 1383557 prime?
False
Is 707027 prime?
True
Is 1473 a composite number?
True
Is 8287 a composite number?
False
Is 33707 composite?
True
Is 449 composite?
False
Is 205607 composite?
False
Is 19103 a prime number?
False
Is 64571 composite?
True
Is 203097 a composite number?
True
Is 560249 a composite number?
False
Is 3937 a composite number?
True
Is 3809 a composite number?
True
Is 5381 a composite number?
False
Is 49291 a composite number?
True
Is 21077 a composite number?
True
Is 7120253 composite?
True
Is 4573 prime?
False
Is 45007 a composite number?
False
Is 19997 a composite number?
False
Is 68033 a prime number?
False
Is 211499 a composite number?
False
Is 11887 composite?
False
Is 142465 a prime number?
False
Is 80251 a composite number?
False
Is 595463 a prime number?
False
Is 563987 composite?
False
Is 5191 a composite number?
True
Is 218 prime?
False
Is 62963 a prime number?
False
Is 3643 prime?
True
Is 10823 a composite number?
True
Is 6982 a composite number?
True
Is 46957 composite?
False
Is 3953 prime?
False
Is 901 a prime number?
False
Is 3587 prime?
False
Is 3041 a composite number?
False
Is 57887 a prime number?
False
Is 13577 a prime number?
True
Is 62729 a prime number?
False
Is 476065 composite?
True
Is 58127 composite?
True
Is 143897 prime?
False
Is 5683 prime?
True
Is 12671 a composite number?
False
Is 448079 prime?
False
Is 716917 a prime number?
True
Is 74597 a composite number?
False
Is 428293 prime?
False
Is 16661 a prime number?
True
Is 9935 composite?
True
Is 267373 a composite number?
False
Is 370537 a prime number?
True
Is 126677 composite?
True
Is 25511 prime?
False
Is 755245 a prime number?
False
Is 331691 prime?
True
Is 122387 prime?
True
Is 57413 prime?
True
Is 1603853 a prime number?
True
Is 206 a composite number?
True
Is 53971 a prime number?
False
Is 17377 a composite number?
False
Is 581107 a composite number?
True
Is 28781 composite?
True
Is 44179 prime?
True
Is 14369 composite?
False
Is 53359 composite?
False
Is 171161 a prime number?
True
Is 1673 a composite number?
True
Is 10481 prime?
False
Is 26309 a prime number?
True
Is 694 a prime number?
False
Is 77863 a prime number?
True
Is 736273 composite?
False
Is 16015 composite?
True
Is 13603 a composite number?
True
Is 1965309 composite?
True
Is 54089 a composite number?
True
Is 77021 a prime number?
False
Is 445171 a prime number?
False
Is 1332689 a composite number?
True
Is 2581 prime?
False
Is 38239 composite?
False
Is 12799 a composite number?
False
Is 7187 prime?
True
Is 1881097 composite?
True
Is 5287 a prime number?
False
Is 19921 a composite number?
True
Is 7181 prime?
False
Is 1777 a composite number?
False
Is 277361 prime?
False
Is 9501 a composite number?
True
Is 53187 composite?
True
Is 924383 prime?
True
Is 903949 prime?
True
Is 80719 a prime number?
False
Is 39833 composite?
True
Is 122347 a prime number?
True
Is 497 a prime number?
False
Is 7121 a composite number?
False
Is 19409 a c